 highest common divisor of 88 and 223263590.
22
What is the greatest common divisor of 34310 and 852640?
730
Calculate the greatest common factor of 315657 and 248109.
1299
What is the greatest common factor of 5114 and 159988933?
2557
What is the highest common factor of 31944 and 84824?
8
What is the greatest common divisor of 2387 and 1851234?
77
What is the greatest common divisor of 292115 and 31080?
185
What is the highest common divisor of 44045725 and 3400?
425
Calculate the highest common divisor of 4929600 and 19344.
624
What is the greatest common divisor of 9821 and 835429?
161
What is the highest common divisor of 92 and 1606986678?
46
What is the greatest common factor of 45856623 and 2634?
1317
Calculate the highest common factor of 1880866 and 188.
2
Calculate the greatest common divisor of 9204636 and 252.
84
Calculate the highest common factor of 230533 and 1456904.
269
What is the greatest common divisor of 349652 and 82716?
244
What is the greatest common divisor of 2966865 and 1155?
165
What is the greatest common divisor of 66003106 and 1146?
382
Calculate the greatest common factor of 55874607 and 2103.
2103
Calculate the greatest common divisor of 400598112 and 38628.
12876
What is the highest common divisor of 1284 and 244885764?
1284
Calculate the highest common divisor of 432292494 and 42.
6
What is the highest common divisor of 13928165 and 20?
5
Calculate the highest common divisor of 4208047 and 222.
37
What is the highest common divisor of 11814955 and 298?
149
Calculate the greatest common divisor of 1495 and 1198665.
65
What is the highest common divisor of 348632940 and 1590?
1590
Calculate the greatest common divisor of 2297516 and 490646.
2938
What is the highest common factor of 83839 and 495775938?
11977
What is the greatest common divisor of 5509905 and 3230?
95
What is the greatest common factor of 267344 and 37379056?
5456
What is the highest common divisor of 42 and 49667751?
21
Calculate the highest common factor of 14899456 and 1924.
1924
What is the greatest common divisor of 40790202 and 8298?
2766
Calculate the greatest common factor of 5058 and 67594.
2
What is the highest common factor of 9135100 and 325?
325
What is the greatest common factor of 328 and 201335338?
82
Calculate the greatest common factor of 18948 and 765.
3
What is the highest common factor of 9 and 61339023?
9
What is the greatest common divisor of 5652 and 61384488?
1884
What is the highest common divisor of 1479143 and 8217?
83
What is the highest common divisor of 196 and 56164556?
28
What is the greatest common divisor of 3186 and 1355407?
59
Calculate the greatest common factor of 26 and 650698516.
26
What is the greatest common factor of 25880104 and 2896?
1448
Calculate the highest common divisor of 13234680 and 3.
3
Calculate the greatest common divisor of 500 and 50920250.
250
What is the greatest common factor of 777 and 59805375?
21
What is the greatest common factor of 1269 and 153?
9
What is the highest common factor of 1453311 and 6975?
279
What is the highest common divisor of 2097414 and 7704?
1926
Calculate the greatest common divisor of 1107521 and 60675.
809
Calculate the highest common divisor of 1043575000 and 190.
190
What is the highest common factor of 131776 and 4757?
71
What is the highest common divisor of 299 and 5964751?
299
Calculate the highest common factor of 350 and 51665950.
350
What is the highest common factor of 23 and 45616912?
23
Calculate the greatest common divisor of 175313571 and 102.
51
What is the greatest common factor of 553728 and 986496?
2688
What is the greatest common divisor of 2 and 19819574?
2
Calculate the highest common divisor of 558 and 21003822.
18
Calculate the greatest common divisor of 34140 and 863220.
60
Calculate the highest common divisor of 2795268 and 903294.
4494
Calculate the greatest common factor of 334194 and 702114.
3066
Calculate the highest common divisor of 722 and 2342586.
38
What is the greatest common factor of 1418 and 76572709?
709
What is the greatest common divisor of 494 and 96288504?
494
What is the greatest common factor of 75244 and 1306292?
52
What is the greatest common divisor of 96 and 22056756?
12
What is the highest common divisor of 1330 and 4887890?
70
Calculate the greatest common factor of 607 and 534955777.
607
What is the greatest common divisor of 3642419 and 19591?
1507
Calculate the greatest common factor of 5847231 and 3042.
507
What is the highest common divisor of 1070 and 1821481330?
1070
What is the greatest common factor of 31817808 and 88?
88
What is the highest common divisor of 1392 and 16719?
3
What is the highest common divisor of 13492 and 105531051?
3373
Calculate the highest common factor of 347 and 45202649.
347
What is the highest common divisor of 8405668 and 5452?
188
Calculate the greatest common factor of 181 and 23481673.
181
What is the greatest common factor of 84645441 and 7212?
1803
Calculate the greatest common divisor of 4051331 and 923.
71
What is the highest common factor of 29903796 and 4104?
2052
Calculate the highest common factor of 132825 and 11460141.
5313
Calculate the highest common factor of 1325 and 260916933.
53
Calculate the greatest common divisor of 416855 and 199880.
1315
Calculate the highest common divisor of 2262998 and 123402.
314
What is the highest common divisor of 13906301 and 2447?
2447
What is the greatest common divisor of 243 and 147951117?
81
Calculate the highest common divisor of 75 and 2614175.
25
Calculate the greatest common divisor of 56532 and 328230.
42
Calculate the highest common divisor of 60636 and 10024.
4
Calculate the greatest common factor of 124134 and 2822.
34
Calculate the highest common divisor of 686 and 28684894.
98
Calculate the highest common divisor of 728 and 4552.
8
Calculate the highest common divisor of 340 and 10787571.
17
Calculate the highest common factor of 41020243 and 23804.
5951
What is the highest common divisor of 1221 and 304288?
37
Calculate the greatest common factor of 2032391 and 8215.
1643
Calculate the greatest common divisor of 447612 and 411840.
132
Calculate the highest common factor of 4 and 1552403.
1
Calculate the greatest common divisor of 241242 and 582304.
62
What is the highest common factor of 170000 and 9265?
85
Calculate the highest common divisor of 102 and 14755728.
102
What is the greatest common factor of 3937122 and 3402?
126
Calculate the greatest common factor of 26720 and 436.
4
What is the greatest common factor of 550397 and 18751?
1103
Calculate the highest common divisor of 21677960 and 80.
40
What is the highest common divisor of 106800 and 9712?
16
Calculate the highest common divisor of 2457056537 and 3862.
1931
What is the greatest common divisor of 14010324 and 564?
564
Calculate the greatest common divisor of 34 and 210843809.
17
What is the highest common divisor of 27460 and 456707855?
6865
What is the greatest common divisor of 113321618 and 58?
58
Calculate the highest common factor of 1953 and 17111101.
217
Calculate the greatest common factor of 4038 and 51660153.
2019
Calculate the highest common divisor of 22920 and 1507945.
955
Calculate the highest common divisor of 2575 and 9974520.
515
What is the highest common divisor of 17128 and 104?
8
Calculate the greatest common divisor of 806166 and 195642.
54
Calculate the highest common divisor of 1554743 and 248.
31
What is the highest common divisor of 1972311 and 60357?
1947
Calculate the greatest common factor of 29264 and 45136062.
3658
What is the highest common factor of 45 and 1213395945?
15
Calculate the greatest common factor of 19008679 and 597.
199
What is the highest common divisor of 17893 and 116?
29
Calculate the greatest common divisor of 20824 and 3920.
8
Calculate the greatest common factor of 902943705 and 16755.
16755
What is the highest common factor of 514782392 and 16?
8
Calculate the greatest common divisor of 1325 and 123075.
25
What is the greatest common divisor of 3001125 and 10812?
159
Calculate the greatest common divisor of 3746 and 45862278.
3746
Calculate the highest common divisor of 1864288 and 23936.
544
What is the greatest common factor of 1150860201 and 41?
41
Calculate the highest common diviso